{"id":4,"date":"2014-06-14T16:11:50","date_gmt":"2014-06-14T16:11:50","guid":{"rendered":"http:\/\/jeremybonvoisin.com\/WordPress3\/?page_id=4"},"modified":"2022-05-30T18:57:17","modified_gmt":"2022-05-30T18:57:17","slug":"publications","status":"publish","type":"page","link":"https:\/\/jeremybonvoisin.com\/WordPress3\/?page_id=4","title":{"rendered":"Publications"},"content":{"rendered":"<h1>2022<\/h1>\n<p>Antoniou, R., Bonvoisin, J., Hsing, P., Dekoninck, E., and Defazio, D. (2022). Defining success in open source hardware development projects: A survey of practitioners. Design Science, 8, E8. doi:10.1017\/dsj.2021.30. <a href=\"https:\/\/www.cambridge.org\/core\/journals\/design-science\/article\/defining-success-in-open-source-hardware-development-projects-a-survey-of-practitioners\/6DD6C830713A518971CA8AAC1458D3A0\">&#x2197;<\/a><\/p>\n<p>Mies, R., and Bonvoisin, J. (2022). Collaborative capacity of open source hardware communities: A cross-sectional study. IEEE ICE-IAMOT Conference 2022, June 19-23, 2022 &#8211; Nancy, France.<\/p>\n<h1>2021<\/h1>\n<p>Freire, R.A. , Lev\u00e4nen J., and Bonvoisin, J. (2021) Challenges of open design in low-income communities: a case study of residential rainwater harvesting systems, CoDesign, DOI: 10.1080\/15710882.2021.1883066<\/p>\n<p>Bonvoisin, J., Mies, R., &amp; Boujut, J. (2021). Seven observations and research questions about Open Design and Open Source Hardware. Design Science, 7, E22. doi:10.1017\/dsj.2021.14. <a href=\"https:\/\/www.cambridge.org\/core\/journals\/design-science\/article\/seven-observations-and-research-questions-about-open-design-and-open-source-hardware\/985195D3A9DF51C6B74226087C291E77\">&#x2197;<\/a><\/p>\n<h1>2020<\/h1>\n<p class=\"gs_citr\" tabindex=\"0\">Mies, R., Bonvoisin, J., &amp; Stark, R. (2020, May). Development of open source hardware in online communities: investigating requirements for groupware. In <i>Proceedings of the Design Society: DESIGN Conference<\/i> (Vol. 1, pp. 997-1006). Cambridge University Press. DESIGN Conference, 1, 997-1006. doi:10.1017\/dsd.2020.38 <a href=\"https:\/\/www.cambridge.org\/core\/journals\/proceedings-of-the-design-society-design-conference\/article\/development-of-open-source-hardware-in-online-communities-investigating-requirements-for-groupware\/6568B2A11060D85843057518F6A65C60\">&#x2197;<\/a><\/p>\n<div id=\"ui-id-1\" class=\"citation-popup ui-dialog-content ui-widget-content\" data-style-name=\"harvard\">\n<p>Bonvoisin, J., Molloy, J., H\u00e4uer, M. and Wenzel, T., 2020. Standardisation of Practices in Open Source Hardware. <i>Journal of Open Hardware<\/i>, 4(1), p.2. DOI: http:\/\/doi.org\/10.5334\/joh.22 <a href=\"http:\/\/doi.org\/10.5334\/joh.22\">&#x2197;<\/a><\/p>\n<\/div>\n<h1>2019<\/h1>\n<p>Mies, R., J. Bonvoisin, L. von Damaros, and R. Jochem. 2020. \u201cQualit\u00e4tsverbesserung in Open-Source-Hardware-Communities.\u201d In Potenziale K\u00fcnstlicher Intelligenz f\u00fcr die Qualit\u00e4tswissenschaft, edited by Robert H. Schmitt, 57\u201372. Berlin, Heidelberg: Springer. doi:10.1007\/978-3-662-60692-6_4. <a href=\"https:\/\/link.springer.com\/chapter\/10.1007\/978-3-662-60692-6_4\">&#x2197;<\/a><\/p>\n<p>Antoniou, R., Dekoninck, E., &amp; Bonvoisin, J. (2019). Exploring the Role of Linguistic Abstraction in Idea-Generation Sessions. Proceedings of the Design Society: International Conference on Engineering Design, 1(1), 329-338. doi:10.1017\/dsi.2019.36 <a href=\"https:\/\/www.cambridge.org\/core\/journals\/proceedings-of-the-international-conference-on-engineering-design\/article\/exploring-the-role-of-linguistic-abstraction-in-ideageneration-sessions\/7F7AD48AE05D466D3411634DA6229853\">&#x2197;<\/a><\/p>\n<p>Muschard, B. and Bonvoisin, J., 2019. CubeFactory2 \u2013 an Off-Grid and Circular 3D-Printing Mini-Factory. Journal of Open Hardware, 3(1), p.3.<a href=\"http:\/\/doi.org\/10.5334\/joh.15\">&#x2197;\u00a0<\/a><\/p>\n<p>Mies, R., J. Bonvoisin, and R. Jochem. 2019. \u201cHarnessing the Synergy Potential of Open Source Hardware Communities.\u201d In: <em>Co-Creation &#8211; Reshaping Business and Society in the Era of Bottom-up Economics<\/em>, T. Redlich, M.\u00a0 Moritz, J. P. Wulfsberg (eds.), Management for Professional Series, Springer, Cham. ISBN 978-3-319-97787-4. doi:10.1007\/978-3-319-97788-1_11 <a href=\"https:\/\/link.springer.com\/chapter\/10.1007%2F978-3-319-97788-1_11\">&#x2197;<\/a><\/p>\n<h1>2018<\/h1>\n<p>Bonvoisin, J., Tom Buchert, Maurice Preidel, Rainer Stark. 2018. \u201cHow participative is open source hardware? Insights from online repository mining\u201d. <em>Design Science<\/em>, 4, E19. doi:10.1017\/dsj.2018.15 <a href=\"https:\/\/doi.org\/10.1017\/dsj.2018.15\">&#x2197;<\/a><\/p>\n<p>Bonvoisin, J., Robert Mies. 2018. \u201cMeasuring Openness in Open Source Hardware with the Open-o-Meter\u201d, <em>Procedia CIRP<\/em> 78:388-393, ISSN 2212-8271, doi.org\/10.1016\/j.procir.2018.08.306, 6th CIRP Global Web Conference, October 23<sup>rd<\/sup> to 25<sup>th<\/sup> <a href=\"https:\/\/doi.org\/10.1016\/j.procir.2018.08.306\">&#x2197;<\/a><\/p>\n<p>Bonvoisin, J., Tom Buchert, Rainer Stark, 2018. \u201eFormal system for the expression of target-oriented design heuristics\u201d. In: Marjanovi\u0107 D., M. \u0160torga, S. \u0160kec, Boj\u010deti\u0107, N. Pavkovi\u0107, DS92: Proceedings of the DESIGN 2018 15th International Design Conference, pp. 45-56, Design Conference 2018, May 21-24, Dubrovnik, Croatia. DOI https:\/\/doi.org\/10.21278\/idc.2018.0120. <a href=\"https:\/\/www.designsociety.org\/publication\/40427\/FORMAL+SYSTEM+FOR+THE+EXPRESSION+OF+TARGET-ORIENTED+DESIGN+HEURISTICS\">&#x2197;<\/a>\u00a0This paper received an &#8220;outstanding contribution&#8221; award.<\/p>\n<p>Bonvoisin, J., Mies, R., Stark, R., Jochem, R., 2018. Vielfalt und Stand der Open-Source-Hardware, in: Redlich, T., Moritz, M., Wulfsberg, J.P. (Eds.), Interdisziplin\u00e4re Perspektiven Zur Zukunft Der Wertsch\u00f6pfung. Springer Fachmedien Wiesbaden, Wiesbaden, pp. 121\u2013133. <a href=\"https:\/\/doi.org\/10.1007\/978-3-658-20265-1_10\" target=\"_blank\" rel=\"noopener noreferrer\">&#x2197;<\/a><\/p>\n<h1>2017<\/h1>\n<p>Stark, R., T. Buchert, S. Neugebauer, J. Bonvoisin, M. Finkbeiner. 2017. Benefits and obstacles of Sustainable Product Development methods \u2013 A case study in the field of urban mobility. <em>Design Science<\/em>, 3. <a href=\"https:\/\/doi.org\/10.1017\/dsj.2017.20\" target=\"_blank\" rel=\"noopener noreferrer\">&#x2197;<\/a><\/p>\n<p>Bonvoisin, J., Robert Mies, Rainer Stark and Jean-Fran\u00e7ois Boujut. 2017. \u201cWhat is the source of open source hardware?\u201d <em>Journal of Open Hardware<\/em> 1(1), p.5. <a href=\"https:\/\/openhardware.metajnl.com\/articles\/10.5334\/joh.7\/\" target=\"_blank\" rel=\"noopener noreferrer\">&#x2197;<\/a><\/p>\n<p>Bonvoisin, J., L. Thomas, R. Mies, C. Gros, R. Stark, K. Samuel, R. Jochem, and J.-F. Boujut. 2017. Current state of practices in open source product development. In: Proceedings of the 21st International Conference on Engineering Design (ICED17), Vol. 2: Design Processes | Design Organisation and Management, Vancouver, Canada, 21.-25.08.2017, ISBN 978-1-904670-90-2, p. 111-120. <a href=\"https:\/\/www.designsociety.org\/publication\/39565\/current_state_of_practices_in_open_source_product_development\" target=\"_blank\" rel=\"noopener noreferrer\">&#x2197;<\/a><\/p>\n<p>Buchert, Tom, Friedrich A. Halstenberg, J\u00e9r\u00e9my Bonvoisin, Kai Lindow, and Rainer Stark. 2017. \u201cTarget-Driven Selection and Scheduling of Methods for Sustainable Product Development.\u201d <em>Journal of Cleaner Production,\u00a0<\/em>161: 403\u2013421. <a href=\"http:\/\/www.sciencedirect.com\/science\/article\/pii\/S0959652617309988\" target=\"_blank\" rel=\"noopener noreferrer\">&#x2197;<\/a><\/p>\n<p>Bonvoisin, J. 2017. \u201cLimits of Ecodesign: The Case for Open Source Product Development.\u201d <em>International Journal of Sustainable Engineering,<\/em> 10 (4-5): 198\u2013206. <a href=\"http:\/\/www.tandfonline.com\/doi\/full\/10.1080\/19397038.2017.1317875\" target=\"_blank\" rel=\"noopener noreferrer\">&#x2197;<\/a><\/p>\n<p>Bonvoisin, J. K. Galla, S. Prendeville. 2017. \u201cDesign Principles for Do-It-Yourself Production.\u201d In: Campana G., Howlett R., Setchi R., Cimatti B. (eds) <em>Sustainable Design and Manufacturing 2017<\/em>, 77-86. Smart Innovation, Systems and Technologies, vol 68. Springer, Cham. <a href=\"https:\/\/link.springer.com\/chapter\/10.1007\/978-3-319-57078-5_8\" target=\"_blank\" rel=\"noopener noreferrer\">&#x2197;<\/a><\/p>\n<p>Stark, R., G. Seliger and J. Bonvoisin, eds. 2017. S<em>ustainable Manufacturing \u2013 Challenges, Solutions and Implementation Perspectives<\/em>. In the series: Sustainable Production, Life Cycle Engineering and Management, Herrmann C. and S. Kara, eds. Springer International Publishing. ISBN 978-3-319-48513-3. <a href=\"http:\/\/link.springer.com\/book\/10.1007\/978-3-319-48514-0\" target=\"_blank\" rel=\"noopener noreferrer\">&#x2197;<\/a><\/p>\n<p>Bonvoisin, J., R. Stark, and G. Seliger. 2017. Field of Research in Sustainable Manufacturing. In:\u00a0<em>Sustainable Manufacturing\u2013 Challenges, Solutions and Implementation Perspectives<\/em>, edited by R. Stark, G. Seliger, and J. Bonvoisin, 3\u201320. Sustainable Production, Life Cycle Engineering and Management. Springer International Publishing. <a href=\"http:\/\/link.springer.com\/chapter\/10.1007\/978-3-319-48514-0_1\" target=\"_blank\" rel=\"noopener noreferrer\">&#x2197;<\/a><\/p>\n<h1>2016<\/h1>\n<p>Bonvoisin, J\u00e9r\u00e9my, Robert Mies, Roland Jochem, and Rainer Stark. 2016. \u201cTheorie Und Praxis in der Open-Source-Produktentwicklung.\u201d In: <em>1. Interdisziplin\u00e4re Konferenz zur Zukunft der Wertsch\u00f6pfung &#8211; Konferenzband<\/em>, J. W\u00fclfsberg, T. Redlich and M. Moritz (eds.), ISBN 978-3-86818-091-6. This contribution received a best paper award <a href=\"http:\/\/jeremybonvoisin.com\/WordPress3\/wp-content\/uploads\/2016\/12\/2016-IKZW-best-paper-award.pdf\" target=\"_blank\" rel=\"noopener noreferrer\">&#x2197;<\/a>.<\/p>\n<p>Bonvoisin, J., F. Halstenberg, T. Buchert, R. Stark. 2016. A systematic literature review on modular product design. <em>Journal of Engineering Design\u00a0<\/em>27(7):488-514. <a href=\"http:\/\/www.tandfonline.com\/doi\/full\/10.1080\/09544828.2016.1166482\" target=\"_blank\" rel=\"noopener noreferrer\">&#x2197;<\/a><\/p>\n<p>Buchert, T., A. Pf\u00f6rtner, J. Bonvoisin, K. Lindow, and R. Stark. 2016. \u201cModel-Based Sustainable Product Development.\u201d In<em> DS 84: Proceedings of the DESIGN 2016 14th International Design Conference<\/em>, edited by Dorian Marjanovic, Mario Storga, Neven Pavkovic, Nenad Bojcetic, and Stanko Skec, 145\u201354. The Design Society. <a href=\"https:\/\/www.designsociety.org\/publication\/38824\/model-based_sustainable_product_development\" target=\"_blank\" rel=\"noopener noreferrer\">&#x2197;<\/a><\/p>\n<p>Bonvoisin, J., 2016. Implications of Open Source Design for Sustainability. In: <em>Sustainable Design and Manufacturing 2016, Volume 52 of the series Smart Innovation, Systems and Technologies<\/em>, R. Setchi, R. J. Howlett, Y. Liu, P. Theobald (Eds.), pp 49-59, Springer. <a href=\"http:\/\/link.springer.com\/chapter\/10.1007\/978-3-319-32098-4_5\" target=\"_blank\" rel=\"noopener noreferrer\">&#x2197;<\/a><\/p>\n<h1>2015<\/h1>\n<p>Bonvoisin, J., J.-F. Boujut. 2015. Open design platforms for open source product development: current state and requirements, Proceedings of the 20th International Conference on Engineering Design (ICED 15), Vol 8: Innovation and Creativity, Milan, Italy, 27-30.07.15, pp. 11-22. <a href=\"https:\/\/www.designsociety.org\/publication\/37899\/open_design_platforms_for_open_source_product_development_current_state_and_requirements\" target=\"_blank\" rel=\"noopener noreferrer\">&#x2197;<\/a>.\u00a0This contribution received a &#8220;reviewers&#8217; favourite&#8221; award <a title=\"Best paper award ICED 2015\" href=\"http:\/\/jeremybonvoisin.com\/WordPress3\/wp-content\/uploads\/2015\/09\/2015-ICED-best-paper-award.pdf\" target=\"_blank\" rel=\"noopener noreferrer\">&#x2197;<\/a>.<\/p>\n<p>Halstenberg, F., T. Buchert, J. Bonvoisin, K. Lindow, R. Stark. 2015. Target-oriented Modularization \u2013 Addressing Sustainability Design Goals in Product Modularization, presented at 22<sup>nd<\/sup> CIRP conference on Life Cycle Engineering, April 7-9, Sydney Australia. <em>Procedia CIRP<\/em>, 29:603\u2013608. \u00a0<a href=\"http:\/\/www.sciencedirect.com\/science\/article\/pii\/S2212827115004795\" target=\"_blank\" rel=\"noopener noreferrer\">&#x2197;<\/a><\/p>\n<h1>2014<\/h1>\n<p><span lang=\"fr-FR\">Bonvoisin J., A. Lelah, F. Mathieux, D. Brissaud. <\/span><span lang=\"en-GB\">2014. <\/span><span lang=\"en-GB\">An integrated method for environmental assessment and ecodesign of ICT-based optimization services. <\/span><em><span lang=\"en-GB\">Journal of Cleaner Production<\/span><\/em><span lang=\"en-GB\">, 68:144-154. <\/span><span lang=\"en-GB\"><a href=\"http:\/\/www.sciencedirect.com\/science\/article\/pii\/S0959652614000122?via=ihub\" target=\"_blank\" rel=\"noopener noreferrer\">&#x2197;<\/a><\/span><\/p>\n<p>Lizarralde, I., B. Tyl, J. Bonvoisin, 2014. Socially Responsible Regions: a Localism Business Model to enhance eco-innovation. Presented at XXV ISPIM Conference \u2013 Innovation for Sustainable Economy &amp; Society, Dublin, Ireland, 8-11 June.\u00a0<a href=\"http:\/\/ispim.org\/files\/2014_dublin_proceedings\/573021812_Paper.pdf\" target=\"_blank\" rel=\"noopener noreferrer\">&#x2197;<\/a><\/p>\n<h1>2013<\/h1>\n<p><span lang=\"en-GB\">Bonvoisin J., S. Thiede, D. Brissaud, C. Herrmann. 2013. An implemented framework to estimate manufacturing related energy consumption in product design<\/span><span lang=\"en-GB\">.\u00a0<em>International Journal of Computer Integrated Manufacturing<\/em><\/span><span lang=\"en-GB\">, 26(9):866-880.\u00a0<\/span><span lang=\"fr-FR\"><a href=\"http:\/\/www.tandfonline.com\/doi\/abs\/10.1080\/0951192X.2013.799782#.UmfJjvnIb9M\" target=\"_blank\" rel=\"noopener noreferrer\"><span lang=\"en-GB\">&#x2197;<\/span><\/a><\/span><\/p>\n<p lang=\"en-US\"><span lang=\"en-GB\">Bonvoisin J., J. Wewior, F. Ng, G. Seliger. 2013. <\/span><span lang=\"en-GB\">Openness as a supportive paradigm for Product-Service Systems. Presented at the 11<\/span><span lang=\"en-GB\">th<\/span><span lang=\"en-GB\"> Global Conference on Sustainable Manufacturing, Berlin, Germany, September 23\u201325. <\/span><span lang=\"fr-FR\"><a href=\"http:\/\/www.gcsm.eu\/publications\" target=\"_blank\" rel=\"noopener noreferrer\"><span lang=\"en-GB\">&#x2197;<\/span><\/a><\/span><\/p>\n<h1>2012<\/h1>\n<p><span lang=\"fr-FR\">Bonvoisin J., 2012. <em>Analyse environnementale et \u00e9co-conception de services informationnels<\/em>. Ph.D. Thesis. Universit\u00e9 de Grenoble. <\/span><span lang=\"fr-FR\"><a href=\"http:\/\/tel.archives-ouvertes.fr\/tel-00766136\/\" target=\"_blank\" rel=\"noopener noreferrer\">&#x2197;<\/a><\/span><\/p>\n<p lang=\"fr-FR\"><span lang=\"fr-FR\">Bonvoisin J., A. Lelah, F. Mathieux, D. Brissaud. <\/span><span lang=\"en-GB\">2012. An environmental assessment method for wireless sensor networks.<\/span><span lang=\"en-GB\">\u00a0<\/span><span lang=\"fr-FR\"><em>Journal of Cleaner Production<\/em>,<\/span><span lang=\"fr-FR\"> 33:145-154. <\/span><span lang=\"fr-FR\"><a href=\"http:\/\/dx.doi.org\/10.1016\/j.jclepro.2012.04.016\" target=\"_blank\" rel=\"noopener noreferrer\">&#x2197;<\/a><\/span><\/p>\n<p><span lang=\"fr-FR\">Bonvoisin J., S. Thiede. 2012. Vers une estimation de l&#8217;\u00e9nergie de fabrication d&#8217;un produit d\u00e8s sa conception.\u00a0P<\/span><span lang=\"en-GB\">resended at 13<\/span><span lang=\"en-GB\">\u00e8me<\/span><span lang=\"en-GB\"> Colloque National AIP-PRIMECA, Le Mont-Dore, France, March 27-30.<\/span><\/p>\n<h1>2011<\/h1>\n<p><span lang=\"fr-FR\">Bonvoisin J., A. Lelah, F. Mathieux, D. Brissaud. <\/span><span lang=\"en-GB\">2011. Environmental Impact Assessment Model for Wireless Sensor Networks. In: <\/span><em><span lang=\"en-GB\">Glocalized Solutions for Sustainability in Manufacturing<\/span><\/em><span lang=\"en-GB\">, edited by J. Hesselbach and C. Herrmann, 124-129. Berlin: Springer. <\/span><span lang=\"fr-FR\"><a href=\"http:\/\/link.springer.com\/chapter\/10.1007%2F978-3-642-19692-8_22\" target=\"_blank\" rel=\"noopener noreferrer\"><span lang=\"en-GB\">&#x2197;<\/span><\/a><\/span><\/p>\n<h1>2010<\/h1>\n<p><span lang=\"fr-FR\">Bonvoisin J., F. Mathieux, L. Domingo, D. Brissaud. <\/span><span lang=\"en-GB\">2010. Design for energy efficiency: proposition of a guidelines-based tool. In: <\/span><em><span lang=\"en-GB\">Proceedings of DESIGN 2010, the 11th International Design Conference<\/span><\/em><span lang=\"en-GB\">, edited by D. Marjanovic, M. Storga, N. Pavkovic and N. Bojcetic, 629-638. Castle Cary: The Design Society. <\/span><span lang=\"fr-FR\"><a href=\"http:\/\/www.designsociety.org\/publication\/29408\/design_for_energy_efficiency_proposition_of_a_guidelines-based_tool\" target=\"_blank\" rel=\"noopener noreferrer\"><span lang=\"en-GB\">&#x2197;<\/span><\/a><\/span><\/p>\n<p lang=\"en-US\"><span lang=\"fr-FR\">Domingo L., F. Mathieux, J. Bonvoisin, D. Brissaud. <\/span><span lang=\"en-GB\">2010. Indicator for in Use Energy Consumption (IUE): a tool enhancing Design for Energy Efficiency of products. Presented at IDMME-Virtual Concept, Bordeaux, France, October 20-22. <\/span><span lang=\"fr-FR\"><a href=\"http:\/\/hal.archives-ouvertes.fr\/docs\/00\/80\/00\/18\/PDF\/In_Use_Energy_Indicator_JED-Not_for_Review.pdf\" target=\"_blank\" rel=\"noopener noreferrer\"><span lang=\"en-GB\">&#x2197;<\/span><\/a><\/span><\/p>\n<p lang=\"en-US\"><span lang=\"fr-FR\">Moenne-Loccoz G., F. Tremblay, S. Saint-Ange, L. Domingo, J. Bonvoisin. <\/span><span lang=\"en-GB\">2010. Methods and Tools to Meet Energy Efficiency Targets at Product Design Stage. Presented at Care Innovation 2010, Vienna, Austria, November 8-11.\u00a0<\/span><span lang=\"fr-FR\"><a href=\"http:\/\/hal.archives-ouvertes.fr\/docs\/00\/54\/48\/85\/PDF\/Method_and_tools_to_meet_Energy_Efficiency_targets_at_product_design_stage.pdf\" target=\"_blank\" rel=\"noopener noreferrer\"><span lang=\"en-GB\">&#x2197;<\/span><\/a><\/span><\/p>\n<p lang=\"en-US\"><span lang=\"en-GB\">Arikoglu E.S., J. Bonvoisin, M. Bouznif, S. Cheriti, S. Hachani, H. Izadpanah, C. Weber, Distributed collaborative design, analysis of a student experience. In: <\/span><em><span lang=\"en-GB\">Proceedings of DESIGN 2010, the 11th International Design Conference<\/span><\/em><span lang=\"en-GB\">, edited by D. Marjanovic, M. Storga, N. Pavkovic and N. Bojcetic, 1239-1248. Castle Cary: The Design Society. <\/span><span lang=\"fr-FR\"><a href=\"http:\/\/www.designsociety.org\/publication\/29469\/distributed_collaborative_design_analysis_of_a_student_experience\" target=\"_blank\" rel=\"noopener noreferrer\"><span lang=\"en-GB\">&#x2197;<\/span><\/a><\/span><\/p>\n<h1>External links<\/h1>\n<p><a href=\"http:\/\/scholar.google.fr\/citations?user=-vssp9kAAAAJ\" target=\"_blank\" rel=\"noopener noreferrer\">Google scholar citation index<\/a><\/p>\n<p><a href=\"https:\/\/www.researchgate.net\/profile\/Jeremy_Bonvoisin?ev=hdr_xprf\" target=\"_blank\" rel=\"noopener noreferrer\">Research Gate profile<\/a><\/p>\n<p><a href=\"http:\/\/orcid.org\/0000-0003-4146-1607\" target=\"_blank\" rel=\"noopener noreferrer\">ORCiD profile<\/a><\/p>\n","protected":false},"excerpt":{"rendered":"<p>2022 Antoniou, R., Bonvoisin, J., Hsing, P., Dekoninck, E., and Defazio, D. (2022). Defining success in open source hardware development projects: A survey of practitioners. [&hellip;]<\/p>\n","protected":false},"author":1,"featured_media":0,"parent":0,"menu_order":0,"comment_status":"closed","ping_status":"closed","template":"","meta":[],"_links":{"self":[{"href":"https:\/\/jeremybonvoisin.com\/WordPress3\/index.php?rest_route=\/wp\/v2\/pages\/4"}],"collection":[{"href":"https:\/\/jeremybonvoisin.com\/WordPress3\/index.php?rest_route=\/wp\/v2\/pages"}],"about":[{"href":"https:\/\/jeremybonvoisin.com\/WordPress3\/index.php?rest_route=\/wp\/v2\/types\/page"}],"author":[{"embeddable":true,"href":"https:\/\/jeremybonvoisin.com\/WordPress3\/index.php?rest_route=\/wp\/v2\/users\/1"}],"replies":[{"embeddable":true,"href":"https:\/\/jeremybonvoisin.com\/WordPress3\/index.php?rest_route=%2Fwp%2Fv2%2Fcomments&post=4"}],"version-history":[{"count":55,"href":"https:\/\/jeremybonvoisin.com\/WordPress3\/index.php?rest_route=\/wp\/v2\/pages\/4\/revisions"}],"predecessor-version":[{"id":334,"href":"https:\/\/jeremybonvoisin.com\/WordPress3\/index.php?rest_route=\/wp\/v2\/pages\/4\/revisions\/334"}],"wp:attachment":[{"href":"https:\/\/jeremybonvoisin.com\/WordPress3\/index.php?rest_route=%2Fwp%2Fv2%2Fmedia&parent=4"}],"curies":[{"name":"wp","href":"https:\/\/api.w.org\/{rel}","templated":true}]}}